{"id":5821,"date":"2021-07-01T14:39:26","date_gmt":"2021-07-01T12:39:26","guid":{"rendered":"https:\/\/www.niederpruem-gmbh.de\/?post_type=product&#038;p=5821"},"modified":"2021-07-01T15:55:26","modified_gmt":"2021-07-01T13:55:26","slug":"hmk-210w-h4","status":"publish","type":"product","link":"https:\/\/www.niederpruem-gmbh.de\/?product=hmk-210w-h4","title":{"rendered":"HMK 210W-H4 &#8211; Standort: 91238 Engelthal"},"content":{"rendered":"<p><strong>HMK 210 W<\/strong><\/p>\n<div><\/div>\n<div>\n<p>Die neuen Bagger der H4-Serie von H\u0130DROMEK werden mit einem hochmodernen Hydrauliksystemdesign hergestellt und bieten eine hervorragende Leistung, da sie schneller, produktiver und effizienter arbeiten. Die Bagger der H4-Serie leisten mehr Arbeit bei geringerem Kraftstoffverbrauch und sind daher f\u00fcr ihre Benutzer profitabler denn je.<\/p>\n<p>Verst\u00e4rkte Schwerlastkonstruktion<br \/>\nMit ihrer verst\u00e4rkten Schwerlastkonstruktion, die in den modernen Produktionsst\u00e4tten von H\u0130DROMEK hergestellt wird und die sensible Qualit\u00e4tskontrollprozesse durchl\u00e4uft, verf\u00fcgen die Bagger der H4-Serie \u00fcber eine ausgezeichnete Haltbarkeit.<\/p>\n<p>Mit Technik geformt<br \/>\nElektronisches System der H4-Serie zum Schutz des Motors und der Hydraulikkomponenten, zur Verbesserung der Kraftstoffeffizienz und zu Erh\u00f6hung der Leistung.<\/p>\n<p>Automatisches Stoppsystem<br \/>\nBei der neuen Baureihe sorgt das automatische Stoppsystem durch konfigurierbare Leerlauf- und Stoppzeiten f\u00fcr Kraftstoffeinsparungen, indem der Motor nach dem Leerlauf abgestellt wird.\u00a0 Das automatische Stoppsystem der H4-Serie hilft, die Betriebskosten auf ein Minimum zu reduzieren und tr\u00e4gt zur Schonung der Umwelt bei.<\/p>\n<p>Sichere Kraftstofff\u00f6rderpumpe<br \/>\nDie bei der H4-Serie integrierte \u201esichere Kraftstofff\u00f6rderpumpe\u201c stoppt die Pumpe automatisch, sobald der Tank voll ist. Diese Funktion wird auch dann aktiviert, wenn die Pumpe 30 Sekunden lang keinen Kraftstoff f\u00f6rdert, und stellt sicher, dass die Pumpe automatisch stoppt.<\/p>\n<p>8-Zoll-Bedienfeld mit Touchscreen<br \/>\nDas 8-Zoll-Bedienfeld mit Touchscreen ist ergonomisch an einer Stelle positioniert, die der Bediener leicht erreichen kann. Das Touchscreen-Bedienfeld mit hochwertiger Hardware und einem gro\u00dfen Bildschirm erm\u00f6glicht eine einfache Steuerung der Maschinenfunktionen und den Zugang zu den Maschinendaten.<\/p>\n<p>Power Boost-Technologie<br \/>\nBei der H4-Serie wird die Power Boost-Technologie automatisch aktiviert, wenn die Maschine zus\u00e4tzliche Leistung ben\u00f6tigt, und sie garantiert somit, dass die Maschine \u00fcber die richtige Leistung f\u00fcr die Arbeit verf\u00fcgt.<\/p>\n<\/div>\n","protected":false},"excerpt":{"rendered":"<p><strong>STANDORT<\/strong><\/p>\n<p>91238 Engelthal<\/p>\n<p><strong>BAUJAHR<\/strong><\/p>\n<p>2021<\/p>\n<p><strong>AUSSTATTUNG<\/strong><\/p>\n<ul>\n<li>2,5 m Spurbreite<\/li>\n<li>Bereifung 11.00-R20<\/li>\n<li>Verstellausleger 5,5 m<\/li>\n<li>Stiel 2,92 m<\/li>\n<li>Planierschild, ohne Abst\u00fctzung<\/li>\n<li>mit L\u00f6ffel<\/li>\n<\/ul>\n","protected":false},"featured_media":5536,"comment_status":"closed","ping_status":"closed","template":"","meta":[],"_links":{"self":[{"href":"https:\/\/www.niederpruem-gmbh.de\/index.php?rest_route=\/wp\/v2\/product\/5821"}],"collection":[{"href":"https:\/\/www.niederpruem-gmbh.de\/index.php?rest_route=\/wp\/v2\/product"}],"about":[{"href":"https:\/\/www.niederpruem-gmbh.de\/index.php?rest_route=\/wp\/v2\/types\/product"}],"replies":[{"embeddable":true,"href":"https:\/\/www.niederpruem-gmbh.de\/index.php?rest_route=%2Fwp%2Fv2%2Fcomments&post=5821"}],"wp:featuredmedia":[{"embeddable":true,"href":"https:\/\/www.niederpruem-gmbh.de\/index.php?rest_route=\/wp\/v2\/media\/5536"}],"wp:attachment":[{"href":"https:\/\/www.niederpruem-gmbh.de\/index.php?rest_route=%2Fwp%2Fv2%2Fmedia&parent=5821"}],"curies":[{"name":"wp","href":"https:\/\/api.w.org\/{rel}","templated":true}]}}