{"id":5818,"date":"2021-07-01T14:18:29","date_gmt":"2021-07-01T12:18:29","guid":{"rendered":"https:\/\/www.niederpruem-gmbh.de\/?post_type=product&#038;p=5818"},"modified":"2021-07-01T15:58:52","modified_gmt":"2021-07-01T13:58:52","slug":"hmk-145-lcsr-h4-2","status":"publish","type":"product","link":"https:\/\/www.niederpruem-gmbh.de\/?product=hmk-145-lcsr-h4-2","title":{"rendered":"HMK 145 LCSR-H4 &#8211; Standort: 74572 Blaufelden"},"content":{"rendered":"<p><strong>HMK 145 LCSR<\/strong><br \/>\nDer neue HMK 145 LCSR von H\u0130DROMEK aus der H4-Serie bietet mehr Arbeit mit weniger Kraftstoff; daher, bietet maximale Effizienz und Produktivit\u00e4t f\u00fcr den Benutzer.<\/p>\n<p><strong>Dynamisch!<\/strong><br \/>\nGew\u00e4hrleistet \u00fcberlegene Leistung in allen Bereichen und Bedingungen durch hervorragende Man\u00f6vrierf\u00e4higkeit und einfache Bedienung durch Hochleistungsmotor, Schnelligkeit und kurzen Schwenkradius.<\/p>\n<p><strong>Innovativ!<\/strong><br \/>\nBietet Bedienersicherheit und Komfort auf h\u00f6chstem Niveau mit technologischer Ausstattung und elektronischem System.<\/p>\n<p><strong>Kompakt!<\/strong><br \/>\nAufgrund seiner kompakten Struktur bietet es seinen Benutzern einen leistungsstarken und pr\u00e4zisen Betrieb, insbesondere in st\u00e4dtischen Gebieten, engen R\u00e4umen und in verschiedenen Arbeitsbereichen wie Bau, Landschaftsgestaltung, Materialboden und Nivellierung.<\/p>\n<p><strong>HMK 145 LC SR Die bequemste Art, in jedem Bereich zu arbeiten<\/strong><br \/>\nDer HMK 145 LCSR bietet aufgrund seiner k\u00fcrzeren Heckstruktur und seines k\u00fcrzeren Schwenkradius im Vergleich zu Standardmaschinen eine einfache Bedienung in st\u00e4dtischen Gebieten und engen R\u00e4umen. Der HMK 145 LCSR verf\u00fcgt aufgrund seines kurzen Heckdesigns und seines Gegengewichts \u00fcber eine hohe Tragf\u00e4higkeit und bietet eine vielseitige Einsatzm\u00f6glichkeit mit vielen verschiedenen Befestigungsm\u00f6glichkeiten.<\/p>\n","protected":false},"excerpt":{"rendered":"<p><strong>STANDORT<\/strong><\/p>\n<p>74572 Blaufelden<\/p>\n<p><strong>BAUJAHR<\/strong><\/p>\n<p>2021<\/p>\n<p><strong>AUSSTATTUNG<\/strong><\/p>\n<ul>\n<li>Verstellausleger<\/li>\n<li>Schild<\/li>\n<li>Roadliner<\/li>\n<li>Mit L\u00f6ffel<\/li>\n<\/ul>\n","protected":false},"featured_media":5538,"comment_status":"closed","ping_status":"closed","template":"","meta":[],"_links":{"self":[{"href":"https:\/\/www.niederpruem-gmbh.de\/index.php?rest_route=\/wp\/v2\/product\/5818"}],"collection":[{"href":"https:\/\/www.niederpruem-gmbh.de\/index.php?rest_route=\/wp\/v2\/product"}],"about":[{"href":"https:\/\/www.niederpruem-gmbh.de\/index.php?rest_route=\/wp\/v2\/types\/product"}],"replies":[{"embeddable":true,"href":"https:\/\/www.niederpruem-gmbh.de\/index.php?rest_route=%2Fwp%2Fv2%2Fcomments&post=5818"}],"wp:featuredmedia":[{"embeddable":true,"href":"https:\/\/www.niederpruem-gmbh.de\/index.php?rest_route=\/wp\/v2\/media\/5538"}],"wp:attachment":[{"href":"https:\/\/www.niederpruem-gmbh.de\/index.php?rest_route=%2Fwp%2Fv2%2Fmedia&parent=5818"}],"curies":[{"name":"wp","href":"https:\/\/api.w.org\/{rel}","templated":true}]}}