{"id":5735,"date":"2021-05-24T19:29:08","date_gmt":"2021-05-24T17:29:08","guid":{"rendered":"https:\/\/www.niederpruem-gmbh.de\/?post_type=product&#038;p=5735"},"modified":"2021-05-24T19:29:08","modified_gmt":"2021-05-24T17:29:08","slug":"hmk-600-mg","status":"publish","type":"product","link":"https:\/\/www.niederpruem-gmbh.de\/?product=hmk-600-mg","title":{"rendered":"HMK 600 MG"},"content":{"rendered":"<p><strong>HMK 600 MG<\/strong><\/p>\n<div>\n<div><strong>Ihr bew\u00e4hrter Partner!<\/strong><\/div>\n<div><\/div>\n<div>HIDROMEK&#8217;s neuer HMK 600 MG Motorgrader wurde f\u00fcr viele Anwendungen vom Planieren und Graben bis zum Gehren, Grabenaushub und Schneepfl\u00fcgen hergestellt.<\/div>\n<div><\/div>\n<div><strong>HMK 600 MG Motorgrader bieten maximale St\u00e4rke und Effizienz!<\/strong><\/div>\n<p><img src=\"https:\/\/www2.hidromek.com.tr\/upload\/UrunDuzSayfa\/Hidromek_BilgiEkrani_200x200px.jpg\" alt=\"\" \/><\/p>\n<\/div>\n<div>\n<div><strong>Antriebsstrang<\/strong><\/div>\n<div><\/div>\n<div>Der HMK 600 MG verf\u00fcgt \u00fcber 8 Vorw\u00e4rts- und 8 R\u00fcckw\u00e4rtsg\u00e4nge! Der HMK 600 MG bietet dem Fahrer die M\u00f6glichkeit, die Maschine sowohl mit dem Lenkrad als auch vom Joystick zu man\u00f6vrieren. Die Geschwindigkeit der Maschine kann mit der FNR-Taste am Joystick (140kW &#8211; 160kW) ge\u00e4ndert werden und die Lenkbewegung auch durch das Kippen der Joysticks nach links oder rechts gesteuert werden. Mit den Joysticks kann der Bediener auch die Klinge steuern. Der Fahrkomfort wird durch automatische Gangwahl und Tempomat verbessert.<\/div>\n<div><\/div>\n<p>&nbsp;<\/p>\n<div><strong>Motor<\/strong><\/div>\n<div><\/div>\n<div>Der Mercedes-Motor des HMK 600 MG mit variabler PS-Leistung (187 &#8211; 214 PS) gem\u00e4\u00df Abgasnorm Stufe IIIA (Tier III) ist in anspruchsvollen Arbeitsumgebungen langlebig. Die variierbare Pferdest\u00e4rke zielt auf h\u00f6here Effizienz und geringeren Kraftstoffverbrauch ab. Der hydrostatische K\u00fchll\u00fcfter, der je nach der Motortemperatur in unterschiedlichen Geschwindigkeiten betrieben werden kann, wird ebenfalls automatisch in der umgekehrten Richtung betrieben, um das K\u00fchlsystem zu reinigen und somit die Effizienz des Betriebs zu erh\u00f6hen.<\/div>\n<div><\/div>\n<div><strong>Hydrauliksystem\u00a0<\/strong><\/div>\n<div>Der hydraulische Druck kann dank des zentralen elektrohydraulischen Regelventils leicht eingestellt werden, welches durch eine Kolbenpumpe mit variabler Durchflussrate gespeist wird, wodurch eine geeignete Leistung f\u00fcr die Anbauteile bereitgestellt werden kann. Die Load-Sensing-Funktion stellt den Hydraulikfluss gem\u00e4\u00df der Aufgabe bereit, die die Maschine ausf\u00fchren wird. Diese einstellbare Hydraulikstr\u00f6mung reduziert W\u00e4rme- und Leistungsverluste, wodurch die Leistung der Maschine verbessert wird.<\/div>\n<div><img src=\"https:\/\/www2.hidromek.com.tr\/upload\/UrunDuzSayfa\/Hidromek_BilgiEkrani2_200x200px.jpg\" alt=\"\" \/><\/div>\n<div><\/div>\n<div><strong>Fahrerkabine<br \/>\n<\/strong><\/div>\n<div>Die neu gestaltete sechseckige Kabine des HMK 600 MG bietet dem Fahrer einen weiten Blickwinkel, w\u00e4hrend das 7 &#8222;TFT-Informationsdisplay in der Kabine ihm eine komfortable Steuerung der Maschine erm\u00f6glicht. Der Bediener kann die Daten w\u00e4hrend des Betriebs der Maschine vom Bildschirm aus \u00fcberwachen. Zus\u00e4tzlich kann der Bediener das Bild der R\u00fccksichtkamera in diesem Bildschirm sehen und die Maschine beim R\u00fcckw\u00e4rtsfahren kontrolliert bewegen.<\/div>\n<div><\/div>\n<p>&nbsp;<\/p>\n<div><strong>Rahmenstruktur mit hoher Festigkeit\u00a0<\/strong><\/div>\n<div><\/div>\n<div>Der starke Rahmen des HMK 600 MG wurde auf Basis von Computersimulationen und Feldtests entwickelt. Dank seiner fortschrittlichen Konstruktion wurden die Lebensdauer und Haltbarkeit der Maschine verbessert.<\/div>\n<div><\/div>\n<p>&nbsp;<\/p>\n<div><strong>Schaufel-Plattform und Anbauger\u00e4te<\/strong><\/div>\n<div><\/div>\n<div>Der HMK 600 MG erbringt hervorragende Leistungen bei einer Vielzahl von Aufgaben wie Nivellieren, Mischen, Sortieren, Graben und Pfl\u00fcgen von Schnee und Eis im Winter. Die Standard-Klingenl\u00e4nge betr\u00e4gt 3,7 Meter und eine Auswahl zwischen den Klingenl\u00e4ngen von 4,01 und 4,31 Meter ist verf\u00fcgbar. Dank des &#8222;Kupplungssystems&#8220; werden pl\u00f6tzliche und gro\u00dfe St\u00f6\u00dfe der Klinge von den Kupplungen absorbiert und Sch\u00e4den an der Klinge verhindert. Kupplungen auf dem Rundschwenksystem sch\u00fctzen die Klinge vor der \u00dcberlastung durch das \u00dcbereinanderschieben von gro\u00dfen Kr\u00e4ften, die dem Messer entgegenwirken. Der HMK 600 MG verf\u00fcgt au\u00dferdem \u00fcber 2 Blatt-Akkumulatoren, die die St\u00e4rke der Klinge verbessern und dadurch eine einfache Bedienung erm\u00f6glichen, indem sie die pl\u00f6tzlichen vertikalen St\u00f6\u00dfe auf die Klinge absorbieren.<\/div>\n<\/div>\n","protected":false},"excerpt":{"rendered":"<ul>\n<li>Leistung: <strong>187 &#8211; 214 HP (Net) \/ 201 HP &#8211; 230 HP (Gross)<\/strong><\/li>\n<li>Maximales Drehmoment: <strong>1000 Nm <\/strong><\/li>\n<li>Schild L\u00e4nge : <strong>3.71 m<\/strong><\/li>\n<li>Betriebsgewicht: <strong>18.785 kg<\/strong><\/li>\n<\/ul>\n","protected":false},"featured_media":5744,"comment_status":"closed","ping_status":"closed","template":"","meta":[],"_links":{"self":[{"href":"https:\/\/www.niederpruem-gmbh.de\/index.php?rest_route=\/wp\/v2\/product\/5735"}],"collection":[{"href":"https:\/\/www.niederpruem-gmbh.de\/index.php?rest_route=\/wp\/v2\/product"}],"about":[{"href":"https:\/\/www.niederpruem-gmbh.de\/index.php?rest_route=\/wp\/v2\/types\/product"}],"replies":[{"embeddable":true,"href":"https:\/\/www.niederpruem-gmbh.de\/index.php?rest_route=%2Fwp%2Fv2%2Fcomments&post=5735"}],"wp:featuredmedia":[{"embeddable":true,"href":"https:\/\/www.niederpruem-gmbh.de\/index.php?rest_route=\/wp\/v2\/media\/5744"}],"wp:attachment":[{"href":"https:\/\/www.niederpruem-gmbh.de\/index.php?rest_route=%2Fwp%2Fv2%2Fmedia&parent=5735"}],"curies":[{"name":"wp","href":"https:\/\/api.w.org\/{rel}","templated":true}]}}