{"id":5450,"date":"2021-01-25T13:58:07","date_gmt":"2021-01-25T12:58:07","guid":{"rendered":"http:\/\/www.niederpruem-gmbh.de\/?post_type=product&#038;p=5450"},"modified":"2021-01-26T15:08:54","modified_gmt":"2021-01-26T14:08:54","slug":"hmk-500-lchd","status":"publish","type":"product","link":"https:\/\/www.niederpruem-gmbh.de\/?product=hmk-500-lchd","title":{"rendered":"HMK 500 LCHD"},"content":{"rendered":"<div id=\"genel-bilgi\" class=\"tabs-content ui-tabs-panel ui-widget-content ui-corner-bottom\" role=\"tabpanel\" aria-labelledby=\"ui-id-1\" aria-hidden=\"false\">\n<p><strong>HMK 500 LCHD<\/strong><\/p>\n<div>\n<div class=\"pm-slider-caption\">\n<div class=\"image\"><\/div>\n<\/div>\n<\/div>\n<div>\n<div>DIE NEUE H4-SERIE IST SCHNELLER, PRODUKTIVER UND EFFIZIENTER<\/div>\n<div><\/div>\n<div>H\u0130DROMEKs neue Bagger der H4-Baureihe zeichnen sich durch ihre hohe Arbeitsgeschwindigkeit aus. Durch die \u00c4nderung des Durchmessers von Hydraulikzylindern, -rohren und -stangen wurde die Arbeitsgeschwindigkeit der H4-Serie erh\u00f6ht. Die Kraftverst\u00e4rkung und der maximale hydraulische Systemdruck wurden verbessert, um auch die erforderliche Leistung zu erreichen. Diese Verbesserungen haben zu einer schnelleren, produktiveren und effizienteren Maschine gef\u00fchrt. Die H4-Serie schafft mehr Arbeit mit weniger Kraftstoffverbrauch.<\/div>\n<div><\/div>\n<div>W\u00e4hrend des Konstruktionsprozesses mit dem Ziel, den Einsatz der Maschine f\u00fcr den Bediener zu vereinfachen, verf\u00fcgt die H4-Serie \u00fcber ein elektronisches System mit erh\u00f6hter Kapazit\u00e4t, mit dem der Zustand der Maschine und ihre Integration mit zus\u00e4tzlichen Ger\u00e4ten ermittelt werden k\u00f6nnen. H4-Kabinen sind so konstruiert und gebaut, dass sie gem\u00e4\u00df ROPS &amp; FOPS-Standard maximale Sicherheit und Haltbarkeit bieten. Die roten Griffe und Warnschilder der neuen Maschinenserie erh\u00f6hen die Sicherheit des Bedieners auf h\u00f6chstem Niveau. Die H4-Serie legt besonderen Wert auf die Arbeitssicherheit und verbessert die Sichtbarkeit, indem der tote Winkel bei rechten Kameras und hinteren Kameras auf ein Minimum reduziert wird. Durch die LED-Scheinwerfer der Bagger der H4-Serie wird au\u00dferdem die Nachtsichtkapazit\u00e4t erheblich verbessert. Auf diese Weise wurde angestrebt, dass Arbeitsunf\u00e4lle auf dem niedrigsten Niveau gehalten werden. Die neue Serie verf\u00fcgt au\u00dferdem \u00fcber ein acht Zoll gro\u00dfes Display mit integriertem Radio und mehrsprachigen Optionen sowie eine R\u00fcckfahrkamera mit verbesserter Bildqualit\u00e4t.<\/div>\n<\/div>\n<\/div>\n","protected":false},"excerpt":{"rendered":"<div class=\"product\">\n<div class=\"product\">\n<ul>\n<li>H\u00f6chstleistung: <strong>270 kW &#8211; 362 HP<\/strong><\/li>\n<li>Schaufel-Grabkraft (ISO): <strong>28.500 kgf<\/strong><\/li>\n<li>Schaufelkapazit\u00e4t: <strong>3.2 m\u00b3<\/strong><\/li>\n<li>Betriebsgewicht: <strong>52.000 kg<\/strong><\/li>\n<\/ul>\n<\/div>\n<\/div>\n","protected":false},"featured_media":5552,"comment_status":"closed","ping_status":"closed","template":"","meta":[],"_links":{"self":[{"href":"https:\/\/www.niederpruem-gmbh.de\/index.php?rest_route=\/wp\/v2\/product\/5450"}],"collection":[{"href":"https:\/\/www.niederpruem-gmbh.de\/index.php?rest_route=\/wp\/v2\/product"}],"about":[{"href":"https:\/\/www.niederpruem-gmbh.de\/index.php?rest_route=\/wp\/v2\/types\/product"}],"replies":[{"embeddable":true,"href":"https:\/\/www.niederpruem-gmbh.de\/index.php?rest_route=%2Fwp%2Fv2%2Fcomments&post=5450"}],"wp:featuredmedia":[{"embeddable":true,"href":"https:\/\/www.niederpruem-gmbh.de\/index.php?rest_route=\/wp\/v2\/media\/5552"}],"wp:attachment":[{"href":"https:\/\/www.niederpruem-gmbh.de\/index.php?rest_route=%2Fwp%2Fv2%2Fmedia&parent=5450"}],"curies":[{"name":"wp","href":"https:\/\/api.w.org\/{rel}","templated":true}]}}